{"id":1391,"date":"2024-12-17T18:44:48","date_gmt":"2024-12-17T15:44:48","guid":{"rendered":"https:\/\/keyfiasyakatmer.com\/?page_id=1391"},"modified":"2024-12-17T21:38:09","modified_gmt":"2024-12-17T18:38:09","slug":"ikiligiris","status":"publish","type":"page","link":"https:\/\/keyfiasyakatmer.com\/index.php\/ikiligiris\/","title":{"rendered":"\u0130kiliGiri\u015f"},"content":{"rendered":"\t\t<div data-elementor-type=\"wp-page\" data-elementor-id=\"1391\" class=\"elementor elementor-1391\" data-elementor-post-type=\"page\">\n\t\t\t\t<div class=\"elementor-element elementor-element-97dc6d5 e-flex e-con-boxed e-con e-parent\" data-id=\"97dc6d5\" data-element_type=\"container\">\n\t\t\t\t\t<div class=\"e-con-inner\">\n\t\t<a class=\"elementor-element elementor-element-dc2d28d e-con-full e-flex e-con e-child\" data-id=\"dc2d28d\" data-element_type=\"container\" data-settings=\"{&quot;background_background&quot;:&quot;classic&quot;}\" href=\"https:\/\/menu.keyfiasya.com.tr\/\">\n\t\t<div class=\"elementor-element elementor-element-bc4efc9 e-flex e-con-boxed e-con e-child\" data-id=\"bc4efc9\" data-element_type=\"container\" data-settings=\"{&quot;background_background&quot;:&quot;classic&quot;}\">\n\t\t\t\t\t<div class=\"e-con-inner\">\n\t\t\t\t<div class=\"elementor-element elementor-element-2a0c129 elementor-widget elementor-widget-image\" data-id=\"2a0c129\" data-element_type=\"widget\" data-widget_type=\"image.default\">\n\t\t\t\t<div class=\"elementor-widget-container\">\n\t\t\t\t\t\t\t\t\t\t\t\t\t\t\t\t<a href=\"https:\/\/menu.keyfiasya.com.tr\/\">\n\t\t\t\t\t\t\t<img decoding=\"async\" width=\"300\" height=\"150\" src=\"https:\/\/keyfiasyakatmer.com\/wp-content\/uploads\/2024\/12\/Untitled-2-300x150.png\" class=\"attachment-medium size-medium wp-image-1367\" alt=\"\" srcset=\"https:\/\/keyfiasyakatmer.com\/wp-content\/uploads\/2024\/12\/Untitled-2-300x150.png 300w, https:\/\/keyfiasyakatmer.com\/wp-content\/uploads\/2024\/12\/Untitled-2-1024x512.png 1024w, https:\/\/keyfiasyakatmer.com\/wp-content\/uploads\/2024\/12\/Untitled-2-768x384.png 768w\" sizes=\"(max-width: 300px) 100vw, 300px\" \/>\t\t\t\t\t\t\t\t<\/a>\n\t\t\t\t\t\t\t\t\t\t\t\t\t\t\t<\/div>\n\t\t\t\t<\/div>\n\t\t<div class=\"elementor-element elementor-element-05320f2 e-con-full e-flex e-con e-child\" data-id=\"05320f2\" data-element_type=\"container\">\n\t\t\t\t<div class=\"elementor-element elementor-element-24d89c1 elementor-widget elementor-widget-heading\" data-id=\"24d89c1\" data-element_type=\"widget\" data-widget_type=\"heading.default\">\n\t\t\t\t<div class=\"elementor-widget-container\">\n\t\t\t\t\t<h2 class=\"elementor-heading-title elementor-size-default\"><a href=\"https:\/\/menu.keyfiasya.com.tr\/\">TIKLA<br> MEN\u00dcY\u00dc \u0130NCELE<\/a><\/h2>\t\t\t\t<\/div>\n\t\t\t\t<\/div>\n\t\t\t\t<\/div>\n\t\t\t\t\t<\/div>\n\t\t\t\t<\/div>\n\t\t\t\t<\/a>\n\t\t<a class=\"elementor-element elementor-element-b531e84 e-con-full e-flex e-con e-child\" data-id=\"b531e84\" data-element_type=\"container\" data-settings=\"{&quot;background_background&quot;:&quot;classic&quot;}\">\n\t\t<div class=\"elementor-element elementor-element-b174356 e-flex e-con-boxed e-con e-child\" data-id=\"b174356\" data-element_type=\"container\" data-settings=\"{&quot;background_background&quot;:&quot;classic&quot;}\">\n\t\t\t\t\t<div class=\"e-con-inner\">\n\t\t\t\t<div class=\"elementor-element elementor-element-b9b1317 elementor-widget elementor-widget-image\" data-id=\"b9b1317\" data-element_type=\"widget\" data-widget_type=\"image.default\">\n\t\t\t\t<div class=\"elementor-widget-container\">\n\t\t\t\t\t\t\t\t\t\t\t\t\t\t\t\t<a href=\"https:\/\/keyfiasyakatmer.com\/index.php\/home\/\">\n\t\t\t\t\t\t\t<img decoding=\"async\" width=\"300\" height=\"89\" src=\"https:\/\/keyfiasyakatmer.com\/wp-content\/uploads\/2024\/11\/ASYA2-300x89.png\" class=\"attachment-medium size-medium wp-image-1143\" alt=\"\" srcset=\"https:\/\/keyfiasyakatmer.com\/wp-content\/uploads\/2024\/11\/ASYA2-300x89.png 300w, https:\/\/keyfiasyakatmer.com\/wp-content\/uploads\/2024\/11\/ASYA2.png 702w\" sizes=\"(max-width: 300px) 100vw, 300px\" \/>\t\t\t\t\t\t\t\t<\/a>\n\t\t\t\t\t\t\t\t\t\t\t\t\t\t\t<\/div>\n\t\t\t\t<\/div>\n\t\t<div class=\"elementor-element elementor-element-b0e71f7 e-con-full e-flex e-con e-child\" data-id=\"b0e71f7\" data-element_type=\"container\">\n\t\t\t\t<div class=\"elementor-element elementor-element-9172db3 elementor-widget elementor-widget-heading\" data-id=\"9172db3\" data-element_type=\"widget\" data-widget_type=\"heading.default\">\n\t\t\t\t<div class=\"elementor-widget-container\">\n\t\t\t\t\t<h2 class=\"elementor-heading-title elementor-size-default\"><a href=\"https:\/\/keyfiasyakatmer.com\/index.php\/home\/\">TIKLA <br>MEN\u00dcY\u00dc \u0130NCELE<\/a><\/h2>\t\t\t\t<\/div>\n\t\t\t\t<\/div>\n\t\t\t\t<\/div>\n\t\t\t\t\t<\/div>\n\t\t\t\t<\/div>\n\t\t\t\t<\/a>\n\t\t\t\t\t<\/div>\n\t\t\t\t<\/div>\n\t\t\t\t<\/div>\n\t\t","protected":false},"excerpt":{"rendered":"<p>TIKLA MEN\u00dcY\u00dc \u0130NCELE TIKLA MEN\u00dcY\u00dc \u0130NCELE<\/p>\n","protected":false},"author":1,"featured_media":0,"parent":0,"menu_order":0,"comment_status":"closed","ping_status":"closed","template":"elementor_canvas","meta":{"footnotes":""},"class_list":["post-1391","page","type-page","status-publish","hentry"],"_links":{"self":[{"href":"https:\/\/keyfiasyakatmer.com\/index.php\/wp-json\/wp\/v2\/pages\/1391","targetHints":{"allow":["GET"]}}],"collection":[{"href":"https:\/\/keyfiasyakatmer.com\/index.php\/wp-json\/wp\/v2\/pages"}],"about":[{"href":"https:\/\/keyfiasyakatmer.com\/index.php\/wp-json\/wp\/v2\/types\/page"}],"author":[{"embeddable":true,"href":"https:\/\/keyfiasyakatmer.com\/index.php\/wp-json\/wp\/v2\/users\/1"}],"replies":[{"embeddable":true,"href":"https:\/\/keyfiasyakatmer.com\/index.php\/wp-json\/wp\/v2\/comments?post=1391"}],"version-history":[{"count":115,"href":"https:\/\/keyfiasyakatmer.com\/index.php\/wp-json\/wp\/v2\/pages\/1391\/revisions"}],"predecessor-version":[{"id":1509,"href":"https:\/\/keyfiasyakatmer.com\/index.php\/wp-json\/wp\/v2\/pages\/1391\/revisions\/1509"}],"wp:attachment":[{"href":"https:\/\/keyfiasyakatmer.com\/index.php\/wp-json\/wp\/v2\/media?parent=1391"}],"curies":[{"name":"wp","href":"https:\/\/api.w.org\/{rel}","templated":true}]}}